{"id":30589,"date":"2023-01-11T10:24:38","date_gmt":"2023-01-11T09:24:38","guid":{"rendered":"https:\/\/fortezzabellinzona.ch\/mostre-attivita\/archeologia-montebello\/"},"modified":"2024-03-21T14:59:06","modified_gmt":"2024-03-21T13:59:06","slug":"archeologia-montebello","status":"publish","type":"mec-events","link":"https:\/\/fortezzabellinzona.ch\/de\/mostre-attivita\/archeologia-montebello\/","title":{"rendered":"Archeologia Montebello"},"content":{"rendered":"<div class=\"wpb-content-wrapper\"><p>[vc_row css=&#8220;.vc_custom_1677596556545{padding-top: 25px !important;padding-right: 10px !important;padding-bottom: 25px !important;padding-left: 10px !important;}&#8220;][vc_column col_shadow=&#8220;box_shadow_enable:disable|shadow_horizontal:0|shadow_vertical:15|shadow_blur:50|shadow_spread:0|box_shadow_color:rgba(0%2C0%2C0%2C.35)&#8220; col_shadow_hover=&#8220;box_shadow_enable:disable|shadow_horizontal:0|shadow_vertical:15|shadow_blur:50|shadow_spread:0|box_shadow_color:rgba(0%2C0%2C0%2C.35)&#8220;]<div class=\"animation-container \" ><div id=\"video-player-69f43392197ad-6811\" class=\"dfd-videoplayer style-2 layout-3 text-left \"><div class=\"button-wrap\"><div class=\"dfd-video-button  \" ><span class=\"mask-for-hover\"><u><\/u><b><\/b><\/span><span class=\"play\" style=\"border-left-color:#000000\"><\/span><\/div><div class=\"title-wrap\"><div class=\"feature-title\" style=\"font-size: 17px; color: #000000 !important; line-height: 25px; letter-spacing: 0px; font-weight:bold; \">Das Montebello-Museum<\/div><\/div><a href=\"#module_video_69f43392197c0\" class=\"dfd-video-link \" data-animation=\"\"><\/a><\/div><div  style=\"display:none;\" class=\"\" id=\"module_video_69f43392197c0\" data-animation=\"\"><iframe loading=\"lazy\" title=\"Il museo di Montebello\" width=\"1200\" height=\"675\" src=\"https:\/\/www.youtube.com\/embed\/Ge4-9H2HyxU?list=PLBAQxnMK_AAg-hQm9H_LVwIZFh8RbWd5Z\" frameborder=\"0\" allow=\"accelerometer; autoplay; clipboard-write; encrypted-media; gyroscope; picture-in-picture; web-share\" allowfullscreen><\/iframe><\/div><\/div><\/div><script type=\"text\/javascript\">\r\n\t\t\t\t\t\t\t(function($) {\r\n\t\t\t\t\t\t\t\t$(\"head\").append(\"<style>#video-player-69f43392197ad-6811 .dfd-video-button {} #video-player-69f43392197ad-6811.style-2 .dfd-video-button .mask-for-hover {border-style:solid; border-width:1px; border-color:#000000; } #module_video_69f43392197c0.dfd-fullscreen-video-container.video_module:before {opacity: 1 !important;background: linear-gradient(to right, rgba(0,0,0,0.9) 0%,rgba(0,0,0,0.9) 100%) !important;}<\/style>\");\r\n\t\t\t\t\t\t\t\t$(document).ready(function(){\r\n\t\t\t\t\t\t\t\t\tDFD_VideoModule.init(\"module_video_69f43392197c0\",\"video-player-69f43392197ad-6811\");\r\n\t\t\t\t\t\t\t\t});\r\n\t\t\t\t\t\t\t})(jQuery);\r\n\t\t\t\t\t\t<\/script><div class=\"dfd-spacer-module\"  data-units=\"px\" data-wide_resolution=\"1280\" data-wide_size=\"25\" data-normal_resolution=\"1024\" data-normal_size=\"25\" data-tablet_resolution=\"800\" data-tablet_size=\"25\" data-mobile_resolution=\"480\" data-mobile_size=\"25\" style=\"height: 25px;\"><\/div>[\/vc_column][\/vc_row][vc_row css=&#8220;.vc_custom_1673442184379{padding-right: 10px !important;padding-left: 10px !important;}&#8220;][vc_column][vc_column_text]Der Turm der Burg Montebello beherbergt eine arch\u00e4ologische Ausstellung mit einer Auswahl von Funden aus dem Tessin. Der Schwerpunkt liegt dabei auf der Region Bellinzona und den oberen T\u00e4lern. Die Funde &#8211; darunter seltene und wertvolle St\u00fccke, wie der im Eingangsbereich ausgestellte Krug mit Entenschnabel aus Giubiasco-Palsio &#8211; laden Besucher ein, dieses Gebiet anhand von Elementen zu entdecken, die mit den nat\u00fcrlichen Ressourcen und der menschlichen Existenz verbunden sind und es seit Urzeiten gepr\u00e4gt haben.<br \/>\nDer Bergfried kann vertikal, in chronologischer Reihenfolge besucht werden, beginnend von unten (dem \u00e4ltesten Zeitalter, dem Mesolithikum) bis oben (dem j\u00fcngsten Zeitalter, der R\u00f6merzeit). Die vier Ausstellungsebenen werden von drei Ebenen unterbrochen. Die Abfolge erinnert an die Feldforschung, welche die Funde anhand von stratigrafischen Methoden hervorbringt: Die tiefsten Schichten enthalten die \u00e4ltesten Elemente, die obersten die j\u00fcngsten Elemente. In den unteren Stockwerken k\u00f6nnen hingegen einige Themen vertieft werden: die Einf\u00fchrung der ersten Schrift w\u00e4hrend der Eisenzeit und deren Verbreitung in der R\u00f6merzeit; die Kleidung, d.h. wie sich unsere Vorfahren kleideten und schm\u00fcckten; die Bestattungsriten in der Antike.<\/p>\n<p>Im \u201ePalazzetto\u201c sind alte Dokumente, Zeichnungen, zeitgen\u00f6ssische Fotografien und Baupl\u00e4ne ausgestellt. Sie rekonstruieren die Geschichte der Burg von deren Errichtung Ende des 13. Jahrhunderts \u00fcber die umfangreichen Restaurierungs- und Umbauarbeiten von 1902-1910 bis hin zum letzten grossen architektonischen Eingriff in den 70-er Jahren.<br \/>\nEin F\u00fchrer in vier Sprachen steht zum Download auf das Smartphone bereit und begleitet die Besucher entlang der Ausstellung.<\/p>\n<p><strong>\u00d6ffnungszeiten<\/strong>:<br \/>\nM\u00e4rz\/April-November: 10 &#8211; 18 Uhr[\/vc_column_text][\/vc_column][\/vc_row]<\/p>\n<\/div>","protected":false},"excerpt":{"rendered":"<p>[vc_row css=&#8220;.vc_custom_1677596556545{padding-top: 25px !important;padding-right: 10px !important;padding-bottom: 25px !important;padding-left: 10px !important;}&#8220;][vc_column col_shadow=&#8220;box_shadow_enable:disable|shadow_horizontal:0|shadow_vertical:15|shadow_blur:50|shadow_spread:0|box_shadow_color:rgba(0%2C0%2C0%2C.35)&#8220; col_shadow_hover=&#8220;box_shadow_enable:disable|shadow_horizontal:0|shadow_vertical:15|shadow_blur:50|shadow_spread:0|box_shadow_color:rgba(0%2C0%2C0%2C.35)&#8220;][\/vc_column][\/vc_row][vc_row css=&#8220;.vc_custom_1673442184379{padding-right: 10px !important;padding-left: 10px !important;}&#8220;][vc_column][vc_column_text]Der Turm der Burg Montebello beherbergt eine arch\u00e4ologische Ausstellung mit einer Auswahl von Funden<\/p>\n","protected":false},"author":1,"featured_media":34845,"comment_status":"closed","ping_status":"closed","template":"","tags":[],"mec_category":[59,98],"class_list":["post-30589","mec-events","type-mec-events","status-publish","has-post-thumbnail","hentry","mec_category-museen","mec_category-veranstaltungen"],"aioseo_notices":[],"_links":{"self":[{"href":"https:\/\/fortezzabellinzona.ch\/de\/wp-json\/wp\/v2\/mec-events\/30589","targetHints":{"allow":["GET"]}}],"collection":[{"href":"https:\/\/fortezzabellinzona.ch\/de\/wp-json\/wp\/v2\/mec-events"}],"about":[{"href":"https:\/\/fortezzabellinzona.ch\/de\/wp-json\/wp\/v2\/types\/mec-events"}],"author":[{"embeddable":true,"href":"https:\/\/fortezzabellinzona.ch\/de\/wp-json\/wp\/v2\/users\/1"}],"replies":[{"embeddable":true,"href":"https:\/\/fortezzabellinzona.ch\/de\/wp-json\/wp\/v2\/comments?post=30589"}],"wp:featuredmedia":[{"embeddable":true,"href":"https:\/\/fortezzabellinzona.ch\/de\/wp-json\/wp\/v2\/media\/34845"}],"wp:attachment":[{"href":"https:\/\/fortezzabellinzona.ch\/de\/wp-json\/wp\/v2\/media?parent=30589"}],"wp:term":[{"taxonomy":"post_tag","embeddable":true,"href":"https:\/\/fortezzabellinzona.ch\/de\/wp-json\/wp\/v2\/tags?post=30589"},{"taxonomy":"mec_category","embeddable":true,"href":"https:\/\/fortezzabellinzona.ch\/de\/wp-json\/wp\/v2\/mec_category?post=30589"}],"curies":[{"name":"wp","href":"https:\/\/api.w.org\/{rel}","templated":true}]}}

<div class="wpb-content-wrapper"><p>[vc_row css=&#8220;.vc_custom_1677596556545{padding-top: 25px !important;padding-right: 10px !important;padding-bottom: 25px !important;padding-left: 10px !important;}&#8220;][vc_column col_shadow=&#8220;box_shadow_enable:disable|shadow_horizontal:0|shadow_vertical:15|shadow_blur:50|shadow_spread:0|box_shadow_color:rgba(0%2C0%2C0%2C.35)&#8220; col_shadow_hover=&#8220;box_shadow_enable:disable|shadow_horizontal:0|shadow_vertical:15|shadow_blur:50|shadow_spread:0|box_shadow_color:rgba(0%2C0%2C0%2C.35)&#8220;]<div class="animation-container " ><div id="video-player-69f43392197ad-6811" class="dfd-videoplayer style-2 layout-3 text-left "><div class="button-wrap"><div class="dfd-video-button  " ><span class="mask-for-hover"><u></u><b></b></span><span class="play" style="border-left-color:#000000"></span></div><div class="title-wrap"><div class="feature-title" style="font-size: 17px; color: #000000 !important; line-height: 25px; letter-spacing: 0px; font-weight:bold; ">Das Montebello-Museum</div></div><a href="#module_video_69f43392197c0" class="dfd-video-link " data-animation=""></a></div><div  style="display:none;" class="" id="module_video_69f43392197c0" data-animation=""><iframe loading="lazy" title="Il museo di Montebello" width="1200" height="675" src="https://www.youtube.com/embed/Ge4-9H2HyxU?list=PLBAQxnMK_AAg-hQm9H_LVwIZFh8RbWd5Z" frameborder="0" allow="accelerometer; autoplay; clipboard-write; encrypted-media; gyroscope; picture-in-picture; web-share" allowfullscreen></iframe></div></div></div><script type="text/javascript">
							(function($) {
								$("head").append("<style>#video-player-69f43392197ad-6811 .dfd-video-button {} #video-player-69f43392197ad-6811.style-2 .dfd-video-button .mask-for-hover {border-style:solid; border-width:1px; border-color:#000000; } #module_video_69f43392197c0.dfd-fullscreen-video-container.video_module:before {opacity: 1 !important;background: linear-gradient(to right, rgba(0,0,0,0.9) 0%,rgba(0,0,0,0.9) 100%) !important;}</style>");
								$(document).ready(function(){
									DFD_VideoModule.init("module_video_69f43392197c0","video-player-69f43392197ad-6811");
								});
							})(jQuery);
						</script><div class="dfd-spacer-module"  data-units="px" data-wide_resolution="1280" data-wide_size="25" data-normal_resolution="1024" data-normal_size="25" data-tablet_resolution="800" data-tablet_size="25" data-mobile_resolution="480" data-mobile_size="25" style="height: 25px;"></div>[/vc_column][/vc_row][vc_row css=&#8220;.vc_custom_1673442184379{padding-right: 10px !important;padding-left: 10px !important;}&#8220;][vc_column][vc_column_text]Der Turm der Burg Montebello beherbergt eine archäologische Ausstellung mit einer Auswahl von Funden aus dem Tessin. Der Schwerpunkt liegt dabei auf der Region Bellinzona und den oberen Tälern. Die Funde &#8211; darunter seltene und wertvolle Stücke, wie der im Eingangsbereich ausgestellte Krug mit Entenschnabel aus Giubiasco-Palsio &#8211; laden Besucher ein, dieses Gebiet anhand von Elementen zu entdecken, die mit den natürlichen Ressourcen und der menschlichen Existenz verbunden sind und es seit Urzeiten geprägt haben.<br />
Der Bergfried kann vertikal, in chronologischer Reihenfolge besucht werden, beginnend von unten (dem ältesten Zeitalter, dem Mesolithikum) bis oben (dem jüngsten Zeitalter, der Römerzeit). Die vier Ausstellungsebenen werden von drei Ebenen unterbrochen. Die Abfolge erinnert an die Feldforschung, welche die Funde anhand von stratigrafischen Methoden hervorbringt: Die tiefsten Schichten enthalten die ältesten Elemente, die obersten die jüngsten Elemente. In den unteren Stockwerken können hingegen einige Themen vertieft werden: die Einführung der ersten Schrift während der Eisenzeit und deren Verbreitung in der Römerzeit; die Kleidung, d.h. wie sich unsere Vorfahren kleideten und schmückten; die Bestattungsriten in der Antike.</p>
<p>Im „Palazzetto“ sind alte Dokumente, Zeichnungen, zeitgenössische Fotografien und Baupläne ausgestellt. Sie rekonstruieren die Geschichte der Burg von deren Errichtung Ende des 13. Jahrhunderts über die umfangreichen Restaurierungs- und Umbauarbeiten von 1902-1910 bis hin zum letzten grossen architektonischen Eingriff in den 70-er Jahren.<br />
Ein Führer in vier Sprachen steht zum Download auf das Smartphone bereit und begleitet die Besucher entlang der Ausstellung.</p>
<p><strong>Öffnungszeiten</strong>:<br />
März/April-November: 10 &#8211; 18 Uhr[/vc_column_text][/vc_column][/vc_row]</p>
</div>

<p>[vc_row css=&#8220;.vc_custom_1677596556545{padding-top: 25px !important;padding-right: 10px !important;padding-bottom: 25px !important;padding-left: 10px !important;}&#8220;][vc_column col_shadow=&#8220;box_shadow_enable:disable|shadow_horizontal:0|shadow_vertical:15|shadow_blur:50|shadow_spread:0|box_shadow_color:rgba(0%2C0%2C0%2C.35)&#8220; col_shadow_hover=&#8220;box_shadow_enable:disable|shadow_horizontal:0|shadow_vertical:15|shadow_blur:50|shadow_spread:0|box_shadow_color:rgba(0%2C0%2C0%2C.35)&#8220;][/vc_column][/vc_row][vc_row css=&#8220;.vc_custom_1673442184379{padding-right: 10px !important;padding-left: 10px !important;}&#8220;][vc_column][vc_column_text]Der Turm der Burg Montebello beherbergt eine archäologische Ausstellung mit einer Auswahl von Funden</p>
