{"id":30621,"date":"2023-01-11T14:41:16","date_gmt":"2023-01-11T13:41:16","guid":{"rendered":"https:\/\/fortezzabellinzona.ch\/mostre-attivita\/die-decke-der-cervia-von-bellinzona\/"},"modified":"2023-03-30T09:20:54","modified_gmt":"2023-03-30T07:20:54","slug":"die-decke-der-cervia-von-bellinzona","status":"publish","type":"mec-events","link":"https:\/\/fortezzabellinzona.ch\/de\/mostre-attivita\/die-decke-der-cervia-von-bellinzona\/","title":{"rendered":"Die Decke der Cervia von Bellinzona"},"content":{"rendered":"<div class=\"wpb-content-wrapper\"><p>[vc_row css=&#8220;.vc_custom_1673441504573{padding-right: 10px !important;padding-left: 10px !important;}&#8220;][vc_column][vc_column_text css=&#8220;.vc_custom_1673444383694{padding-bottom: 25px !important;}&#8220;]Ein rekonstruierter Renaissance-Schatz<br \/>\nMultimediale Ausstellung im Castel Grande von Bellinzona<br \/>\n19. November 2021 &#8211; 27. Februar 2022<\/p>\n<p>Die Ausstellung im Castel Grande von Bellinzona zeigt ein dank modernster Technik rekonstruiertes, besonders wertvolles Kunstwerk. Dieses befand sich in einem Renaissancepalast mitten in Bellinzona, der im Jahre 1970 leider abgerissen wurde.<br \/>\nEine aussergew\u00f6hnliche Serie von 280 Tempera-Bildern auf Papierbl\u00e4ttern, die auf Deckentafeln geklebt wurden und von bemerkenswerter Qualit\u00e4t sind, konnte gl\u00fccklicherweise gerettet werden. Ein Teil davon ist in der Dauerausstellung des Museums vor der reizvollen Kulisse des Castel Grande zu sehen, w\u00e4hrend der restliche Teil normalerweise nicht f\u00fcr die \u00d6ffentlichkeit zug\u00e4nglich ist.<br \/>\nBei dieser aussergew\u00f6hnlichen Gelegenheit kann das gesamte Kunstwerk dank einer sorgf\u00e4ltigen multimedialen Rekonstruktion auf Grundlage der Forschungen der Kunsthistorikerin Vera Segre bewundert werden.<\/p>\n<p>Zahlreiche Portr\u00e4ts historischer und literarischer Pers\u00f6nlichkeiten aus der antiken, biblischen, griechischen und r\u00f6mischen Geschichte und Literatur, aber auch aus dem Mittelalter bis hin zur Renaissance sind zu sehen.<br \/>\nAuch das Repertoire der abgebildeten Musikinstrumente sowie die Darstellungen von Tieren meist in Verbindung mit der Jagd oder mit Mythen oder exotischen Ursprungs ist \u00e4usserst interessant.<\/p>\n<p>Besonders sehenswert ist die Bilderserie zur \u201everkehrten Welt\u201c. Diese verweist auf die Karnevalstradition, die in Bellinzona wahrscheinlich schon damals sehr pr\u00e4sent war.<\/p>\n<p>Die Ausstellung wurde in vier Sprachen konzipiert: Italienisch, Franz\u00f6sisch, Deutsch und Englisch.[\/vc_column_text][\/vc_column][\/vc_row]<\/p>\n<\/div>","protected":false},"excerpt":{"rendered":"<p>[vc_row css=&#8220;.vc_custom_1673441504573{padding-right: 10px !important;padding-left: 10px !important;}&#8220;][vc_column][vc_column_text css=&#8220;.vc_custom_1673444383694{padding-bottom: 25px !important;}&#8220;]Ein rekonstruierter Renaissance-Schatz Multimediale Ausstellung im Castel Grande von Bellinzona 19. November 2021 &#8211; 27. Februar 2022 Die Ausstellung im Castel Grande<\/p>\n","protected":false},"author":1,"featured_media":30020,"comment_status":"open","ping_status":"closed","template":"","tags":[],"mec_category":[62],"class_list":["post-30621","mec-events","type-mec-events","status-publish","has-post-thumbnail","hentry","mec_category-sonstige-aktivitaeten"],"aioseo_notices":[],"_links":{"self":[{"href":"https:\/\/fortezzabellinzona.ch\/de\/wp-json\/wp\/v2\/mec-events\/30621","targetHints":{"allow":["GET"]}}],"collection":[{"href":"https:\/\/fortezzabellinzona.ch\/de\/wp-json\/wp\/v2\/mec-events"}],"about":[{"href":"https:\/\/fortezzabellinzona.ch\/de\/wp-json\/wp\/v2\/types\/mec-events"}],"author":[{"embeddable":true,"href":"https:\/\/fortezzabellinzona.ch\/de\/wp-json\/wp\/v2\/users\/1"}],"replies":[{"embeddable":true,"href":"https:\/\/fortezzabellinzona.ch\/de\/wp-json\/wp\/v2\/comments?post=30621"}],"wp:featuredmedia":[{"embeddable":true,"href":"https:\/\/fortezzabellinzona.ch\/de\/wp-json\/wp\/v2\/media\/30020"}],"wp:attachment":[{"href":"https:\/\/fortezzabellinzona.ch\/de\/wp-json\/wp\/v2\/media?parent=30621"}],"wp:term":[{"taxonomy":"post_tag","embeddable":true,"href":"https:\/\/fortezzabellinzona.ch\/de\/wp-json\/wp\/v2\/tags?post=30621"},{"taxonomy":"mec_category","embeddable":true,"href":"https:\/\/fortezzabellinzona.ch\/de\/wp-json\/wp\/v2\/mec_category?post=30621"}],"curies":[{"name":"wp","href":"https:\/\/api.w.org\/{rel}","templated":true}]}}

<div class="wpb-content-wrapper"><p>[vc_row css=&#8220;.vc_custom_1673441504573{padding-right: 10px !important;padding-left: 10px !important;}&#8220;][vc_column][vc_column_text css=&#8220;.vc_custom_1673444383694{padding-bottom: 25px !important;}&#8220;]Ein rekonstruierter Renaissance-Schatz<br />
Multimediale Ausstellung im Castel Grande von Bellinzona<br />
19. November 2021 &#8211; 27. Februar 2022</p>
<p>Die Ausstellung im Castel Grande von Bellinzona zeigt ein dank modernster Technik rekonstruiertes, besonders wertvolles Kunstwerk. Dieses befand sich in einem Renaissancepalast mitten in Bellinzona, der im Jahre 1970 leider abgerissen wurde.<br />
Eine aussergewöhnliche Serie von 280 Tempera-Bildern auf Papierblättern, die auf Deckentafeln geklebt wurden und von bemerkenswerter Qualität sind, konnte glücklicherweise gerettet werden. Ein Teil davon ist in der Dauerausstellung des Museums vor der reizvollen Kulisse des Castel Grande zu sehen, während der restliche Teil normalerweise nicht für die Öffentlichkeit zugänglich ist.<br />
Bei dieser aussergewöhnlichen Gelegenheit kann das gesamte Kunstwerk dank einer sorgfältigen multimedialen Rekonstruktion auf Grundlage der Forschungen der Kunsthistorikerin Vera Segre bewundert werden.</p>
<p>Zahlreiche Porträts historischer und literarischer Persönlichkeiten aus der antiken, biblischen, griechischen und römischen Geschichte und Literatur, aber auch aus dem Mittelalter bis hin zur Renaissance sind zu sehen.<br />
Auch das Repertoire der abgebildeten Musikinstrumente sowie die Darstellungen von Tieren meist in Verbindung mit der Jagd oder mit Mythen oder exotischen Ursprungs ist äusserst interessant.</p>
<p>Besonders sehenswert ist die Bilderserie zur „verkehrten Welt“. Diese verweist auf die Karnevalstradition, die in Bellinzona wahrscheinlich schon damals sehr präsent war.</p>
<p>Die Ausstellung wurde in vier Sprachen konzipiert: Italienisch, Französisch, Deutsch und Englisch.[/vc_column_text][/vc_column][/vc_row]</p>
</div>
