{"id":34882,"date":"2026-03-06T12:09:55","date_gmt":"2026-03-06T11:09:55","guid":{"rendered":"https:\/\/fortezzabellinzona.ch\/?post_type=mec-events&#038;p=34882"},"modified":"2026-03-06T12:21:47","modified_gmt":"2026-03-06T11:21:47","slug":"34882","status":"publish","type":"mec-events","link":"https:\/\/fortezzabellinzona.ch\/de\/mostre-attivita\/34882\/","title":{"rendered":"Fra Roberto tra le mura"},"content":{"rendered":"<div class=\"wpb-content-wrapper\"><p>[vc_row][vc_column][vc_column_text css=&#8220;&#8220;]Dieses Jahr beherbergt das Schloss Sasso Corbaro eine Ausstellung, die Fra Roberto Pasotti gewidmet ist: Die Ausstellung hebt sein unerm\u00fcdliches Engagement im Bereich der sakralen Malerei und sein mitrei\u00dfendes Gesp\u00fcr f\u00fcr Landschaften hervor und bietet den Besuchern Anregungen zum Dialog mit der besonderen Atmosph\u00e4re des Schlosses. Eine einzigartige Gelegenheit, die Festung von Bellinzona nicht nur als UNESCO-Weltkulturerbe, sondern auch als lebendigen Ort zu entdecken, der durch Geschichte, Kunst und Natur verzaubert.<\/p>\n<p>Die Eintrittskarte f\u00fcr die Ausstellung ist im Eintrittspreis f\u00fcr Castel di Sasso Corbaro enthalten. Kaufen Sie Ihr Ticket <a href=\"https:\/\/fortezzabellinzona.ch\/de\/besuch\/#biglietti\">hier<\/a>.<\/p>\n<p><strong><span style=\"color: #a70000;\">F<strong class=\"Yjhzub\" data-processed=\"true\">\u00dc<\/strong>HRUNGEN<\/span><br \/>\n<\/strong>F\u00fcr Informationen und Reservierungen schreiben Sie bitte an info@fortezzabellinzona.ch.[\/vc_column_text][\/vc_column][\/vc_row]<\/p>\n<\/div>","protected":false},"excerpt":{"rendered":"<p>[vc_row][vc_column][vc_column_text css=&#8220;&#8220;]Dieses Jahr beherbergt das Schloss Sasso Corbaro eine Ausstellung, die Fra Roberto Pasotti gewidmet ist: Die Ausstellung hebt sein unerm\u00fcdliches Engagement im Bereich der sakralen Malerei und sein mitrei\u00dfendes<\/p>\n","protected":false},"author":4,"featured_media":34876,"comment_status":"open","ping_status":"closed","template":"","tags":[],"mec_category":[60,98],"class_list":["post-34882","mec-events","type-mec-events","status-publish","has-post-thumbnail","hentry","mec_category-temporaere-ausstellungen","mec_category-veranstaltungen"],"aioseo_notices":[],"_links":{"self":[{"href":"https:\/\/fortezzabellinzona.ch\/de\/wp-json\/wp\/v2\/mec-events\/34882","targetHints":{"allow":["GET"]}}],"collection":[{"href":"https:\/\/fortezzabellinzona.ch\/de\/wp-json\/wp\/v2\/mec-events"}],"about":[{"href":"https:\/\/fortezzabellinzona.ch\/de\/wp-json\/wp\/v2\/types\/mec-events"}],"author":[{"embeddable":true,"href":"https:\/\/fortezzabellinzona.ch\/de\/wp-json\/wp\/v2\/users\/4"}],"replies":[{"embeddable":true,"href":"https:\/\/fortezzabellinzona.ch\/de\/wp-json\/wp\/v2\/comments?post=34882"}],"wp:featuredmedia":[{"embeddable":true,"href":"https:\/\/fortezzabellinzona.ch\/de\/wp-json\/wp\/v2\/media\/34876"}],"wp:attachment":[{"href":"https:\/\/fortezzabellinzona.ch\/de\/wp-json\/wp\/v2\/media?parent=34882"}],"wp:term":[{"taxonomy":"post_tag","embeddable":true,"href":"https:\/\/fortezzabellinzona.ch\/de\/wp-json\/wp\/v2\/tags?post=34882"},{"taxonomy":"mec_category","embeddable":true,"href":"https:\/\/fortezzabellinzona.ch\/de\/wp-json\/wp\/v2\/mec_category?post=34882"}],"curies":[{"name":"wp","href":"https:\/\/api.w.org\/{rel}","templated":true}]}}

<div class="wpb-content-wrapper"><p>[vc_row][vc_column][vc_column_text css=&#8220;&#8220;]Dieses Jahr beherbergt das Schloss Sasso Corbaro eine Ausstellung, die Fra Roberto Pasotti gewidmet ist: Die Ausstellung hebt sein unermüdliches Engagement im Bereich der sakralen Malerei und sein mitreißendes Gespür für Landschaften hervor und bietet den Besuchern Anregungen zum Dialog mit der besonderen Atmosphäre des Schlosses. Eine einzigartige Gelegenheit, die Festung von Bellinzona nicht nur als UNESCO-Weltkulturerbe, sondern auch als lebendigen Ort zu entdecken, der durch Geschichte, Kunst und Natur verzaubert.</p>
<p>Die Eintrittskarte für die Ausstellung ist im Eintrittspreis für Castel di Sasso Corbaro enthalten. Kaufen Sie Ihr Ticket <a href="https://fortezzabellinzona.ch/de/besuch/#biglietti">hier</a>.</p>
<p><strong><span style="color: #a70000;">F<strong class="Yjhzub" data-processed="true">Ü</strong>HRUNGEN</span><br />
</strong>Für Informationen und Reservierungen schreiben Sie bitte an info@fortezzabellinzona.ch.[/vc_column_text][/vc_column][/vc_row]</p>
</div>

<p>[vc_row][vc_column][vc_column_text css=&#8220;&#8220;]Dieses Jahr beherbergt das Schloss Sasso Corbaro eine Ausstellung, die Fra Roberto Pasotti gewidmet ist: Die Ausstellung hebt sein unermüdliches Engagement im Bereich der sakralen Malerei und sein mitreißendes</p>
