{"id":30588,"date":"2023-01-11T10:24:38","date_gmt":"2023-01-11T09:24:38","guid":{"rendered":"https:\/\/fortezzabellinzona.ch\/mostre-attivita\/archeologie-montebello\/"},"modified":"2024-03-21T14:58:54","modified_gmt":"2024-03-21T13:58:54","slug":"archeologie-montebello","status":"publish","type":"mec-events","link":"https:\/\/fortezzabellinzona.ch\/fr\/mostre-attivita\/archeologie-montebello\/","title":{"rendered":"Arch\u00e9ologie Montebello"},"content":{"rendered":"<div class=\"wpb-content-wrapper\"><p>[vc_row css=\u00a0\u00bb.vc_custom_1677596556545{padding-top: 25px !important;padding-right: 10px !important;padding-bottom: 25px !important;padding-left: 10px !important;}\u00a0\u00bb][vc_column col_shadow=\u00a0\u00bbbox_shadow_enable:disable|shadow_horizontal:0|shadow_vertical:15|shadow_blur:50|shadow_spread:0|box_shadow_color:rgba(0%2C0%2C0%2C.35)\u00a0\u00bb col_shadow_hover=\u00a0\u00bbbox_shadow_enable:disable|shadow_horizontal:0|shadow_vertical:15|shadow_blur:50|shadow_spread:0|box_shadow_color:rgba(0%2C0%2C0%2C.35)\u00a0\u00bb]<div class=\"animation-container \" ><div id=\"video-player-69f409d7b169f-5191\" class=\"dfd-videoplayer style-2 layout-3 text-left \"><div class=\"button-wrap\"><div class=\"dfd-video-button  \" ><span class=\"mask-for-hover\"><u><\/u><b><\/b><\/span><span class=\"play\" style=\"border-left-color:#000000\"><\/span><\/div><div class=\"title-wrap\"><div class=\"feature-title\" style=\"font-size: 17px; color: #000000 !important; line-height: 25px; letter-spacing: 0px; font-weight:bold; \">Le mus\u00e9e de Montebello<\/div><\/div><a href=\"#module_video_69f409d7b16b0\" class=\"dfd-video-link \" data-animation=\"\"><\/a><\/div><div  style=\"display:none;\" class=\"\" id=\"module_video_69f409d7b16b0\" data-animation=\"\"><iframe loading=\"lazy\" title=\"Il museo di Montebello\" width=\"1200\" height=\"675\" src=\"https:\/\/www.youtube.com\/embed\/Ge4-9H2HyxU?list=PLBAQxnMK_AAg-hQm9H_LVwIZFh8RbWd5Z\" frameborder=\"0\" allow=\"accelerometer; autoplay; clipboard-write; encrypted-media; gyroscope; picture-in-picture; web-share\" allowfullscreen><\/iframe><\/div><\/div><\/div><script type=\"text\/javascript\">\r\n\t\t\t\t\t\t\t(function($) {\r\n\t\t\t\t\t\t\t\t$(\"head\").append(\"<style>#video-player-69f409d7b169f-5191 .dfd-video-button {} #video-player-69f409d7b169f-5191.style-2 .dfd-video-button .mask-for-hover {border-style:solid; border-width:1px; border-color:#000000; } #module_video_69f409d7b16b0.dfd-fullscreen-video-container.video_module:before {opacity: 1 !important;background: linear-gradient(to right, rgba(0,0,0,0.9) 0%,rgba(0,0,0,0.9) 100%) !important;}<\/style>\");\r\n\t\t\t\t\t\t\t\t$(document).ready(function(){\r\n\t\t\t\t\t\t\t\t\tDFD_VideoModule.init(\"module_video_69f409d7b16b0\",\"video-player-69f409d7b169f-5191\");\r\n\t\t\t\t\t\t\t\t});\r\n\t\t\t\t\t\t\t})(jQuery);\r\n\t\t\t\t\t\t<\/script><div class=\"dfd-spacer-module\"  data-units=\"px\" data-wide_resolution=\"1280\" data-wide_size=\"25\" data-normal_resolution=\"1024\" data-normal_size=\"25\" data-tablet_resolution=\"800\" data-tablet_size=\"25\" data-mobile_resolution=\"480\" data-mobile_size=\"25\" style=\"height: 25px;\"><\/div>[\/vc_column][\/vc_row][vc_row css=\u00a0\u00bb.vc_custom_1673442184379{padding-right: 10px !important;padding-left: 10px !important;}\u00a0\u00bb][vc_column][vc_column_text]La tour du ch\u00e2teau de Montebello abrite une exposition arch\u00e9ologique pr\u00e9sentant une s\u00e9lection de pi\u00e8ces provenant de la r\u00e9gion du Tessin, en particulier de la r\u00e9gion de Bellinzone et des hautes vall\u00e9es. Les pi\u00e8ces, dont certaines sont rares et pr\u00e9cieuses comme la cruche \u00e0 bec de canard de Giubiasco-Palasio expos\u00e9e \u00e0 l&rsquo;entr\u00e9e, invitent le visiteur \u00e0 d\u00e9couvrir ce territoire \u00e0 travers les \u00e9l\u00e9ments, li\u00e9s aux ressources naturelles et \u00e0 la pr\u00e9sence humaine, qui le caract\u00e9risent depuis les temps les plus recul\u00e9s.<br \/>\nLa visite du donjon se d\u00e9veloppe verticalement, en suivant le fil du temps dans l&rsquo;ordre chronologique, depuis le bas (la p\u00e9riode la plus ancienne, le M\u00e9solithique) jusqu&rsquo;en haut (la p\u00e9riode la plus r\u00e9cente, la Romanit\u00e9). Le parcours &#8211; r\u00e9parti sur quatre niveaux d&rsquo;exposition, entrecoup\u00e9s de trois niveaux d&rsquo;\u00e9vocation &#8211; rappelle les m\u00e9thodes de la recherche de terrain, qui met en \u00e9vidence des \u00e9l\u00e9ments sur la base d&rsquo;une lecture stratigraphique : les couches les plus profondes contiennent les \u00e9l\u00e9ments les plus anciens, les plus superficielles, les plus r\u00e9cents. Un autre parcours permet de descendre aux \u00e9tages inf\u00e9rieurs, o\u00f9 certains th\u00e8mes peuvent \u00eatre approfondis : l&rsquo;introduction de la premi\u00e8re forme d&rsquo;\u00e9criture sur nos terres, qui s&rsquo;est produite \u00e0 l&rsquo;\u00e2ge du fer, et sa diffusion \u00e0 l&rsquo;\u00e9poque romaine ; l&rsquo;habillement, c&rsquo;est-\u00e0-dire la mani\u00e8re dont nos anc\u00eatres s&rsquo;habillaient et se paraient ; les rites fun\u00e9raires en usage dans l&rsquo;Antiquit\u00e9.<\/p>\n<p>Dans le Palazzetto, \u00e0 travers des documents anciens, des dessins, des photographies d&rsquo;\u00e9poque et des plans architecturaux, l&rsquo;histoire du ch\u00e2teau est pr\u00e9sent\u00e9e, depuis sa construction \u00e0 la fin du XIIIe si\u00e8cle, en passant par les importants travaux de restauration et de reconstruction de 1902 \u00e0 1910, jusqu&rsquo;\u00e0 la derni\u00e8re intervention architecturale majeure des ann\u00e9es 1970.<br \/>\nUn guide en quatre langues, t\u00e9l\u00e9chargeable sur smartphone, accompagne les visiteurs tout au long du parcours de l&rsquo;exposition.<\/p>\n<p><strong>Horaires d&rsquo;ouverture<\/strong> :<br \/>\nMars\/Avril-Novembre : 10h00 &#8211; 18h00[\/vc_column_text][\/vc_column][\/vc_row]<\/p>\n<\/div>","protected":false},"excerpt":{"rendered":"<p>[vc_row css=\u00a0\u00bb.vc_custom_1677596556545{padding-top: 25px !important;padding-right: 10px !important;padding-bottom: 25px !important;padding-left: 10px !important;}\u00a0\u00bb][vc_column col_shadow=\u00a0\u00bbbox_shadow_enable:disable|shadow_horizontal:0|shadow_vertical:15|shadow_blur:50|shadow_spread:0|box_shadow_color:rgba(0%2C0%2C0%2C.35)\u00a0\u00bb col_shadow_hover=\u00a0\u00bbbox_shadow_enable:disable|shadow_horizontal:0|shadow_vertical:15|shadow_blur:50|shadow_spread:0|box_shadow_color:rgba(0%2C0%2C0%2C.35)\u00a0\u00bb][\/vc_column][\/vc_row][vc_row css=\u00a0\u00bb.vc_custom_1673442184379{padding-right: 10px !important;padding-left: 10px !important;}\u00a0\u00bb][vc_column][vc_column_text]La tour du ch\u00e2teau de Montebello abrite une exposition arch\u00e9ologique pr\u00e9sentant une s\u00e9lection de<\/p>\n","protected":false},"author":1,"featured_media":34844,"comment_status":"closed","ping_status":"closed","template":"","tags":[],"mec_category":[97,55],"class_list":["post-30588","mec-events","type-mec-events","status-publish","has-post-thumbnail","hentry","mec_category-evenements","mec_category-musees"],"aioseo_notices":[],"_links":{"self":[{"href":"https:\/\/fortezzabellinzona.ch\/fr\/wp-json\/wp\/v2\/mec-events\/30588","targetHints":{"allow":["GET"]}}],"collection":[{"href":"https:\/\/fortezzabellinzona.ch\/fr\/wp-json\/wp\/v2\/mec-events"}],"about":[{"href":"https:\/\/fortezzabellinzona.ch\/fr\/wp-json\/wp\/v2\/types\/mec-events"}],"author":[{"embeddable":true,"href":"https:\/\/fortezzabellinzona.ch\/fr\/wp-json\/wp\/v2\/users\/1"}],"replies":[{"embeddable":true,"href":"https:\/\/fortezzabellinzona.ch\/fr\/wp-json\/wp\/v2\/comments?post=30588"}],"wp:featuredmedia":[{"embeddable":true,"href":"https:\/\/fortezzabellinzona.ch\/fr\/wp-json\/wp\/v2\/media\/34844"}],"wp:attachment":[{"href":"https:\/\/fortezzabellinzona.ch\/fr\/wp-json\/wp\/v2\/media?parent=30588"}],"wp:term":[{"taxonomy":"post_tag","embeddable":true,"href":"https:\/\/fortezzabellinzona.ch\/fr\/wp-json\/wp\/v2\/tags?post=30588"},{"taxonomy":"mec_category","embeddable":true,"href":"https:\/\/fortezzabellinzona.ch\/fr\/wp-json\/wp\/v2\/mec_category?post=30588"}],"curies":[{"name":"wp","href":"https:\/\/api.w.org\/{rel}","templated":true}]}}

Archéologie Montebello

<div class="wpb-content-wrapper"><p>[vc_row css= ».vc_custom_1677596556545{padding-top: 25px !important;padding-right: 10px !important;padding-bottom: 25px !important;padding-left: 10px !important;} »][vc_column col_shadow= »box_shadow_enable:disable|shadow_horizontal:0|shadow_vertical:15|shadow_blur:50|shadow_spread:0|box_shadow_color:rgba(0%2C0%2C0%2C.35) » col_shadow_hover= »box_shadow_enable:disable|shadow_horizontal:0|shadow_vertical:15|shadow_blur:50|shadow_spread:0|box_shadow_color:rgba(0%2C0%2C0%2C.35) »]<div class="animation-container " ><div id="video-player-69f409d7b169f-5191" class="dfd-videoplayer style-2 layout-3 text-left "><div class="button-wrap"><div class="dfd-video-button  " ><span class="mask-for-hover"><u></u><b></b></span><span class="play" style="border-left-color:#000000"></span></div><div class="title-wrap"><div class="feature-title" style="font-size: 17px; color: #000000 !important; line-height: 25px; letter-spacing: 0px; font-weight:bold; ">Le musée de Montebello</div></div><a href="#module_video_69f409d7b16b0" class="dfd-video-link " data-animation=""></a></div><div  style="display:none;" class="" id="module_video_69f409d7b16b0" data-animation=""><iframe loading="lazy" title="Il museo di Montebello" width="1200" height="675" src="https://www.youtube.com/embed/Ge4-9H2HyxU?list=PLBAQxnMK_AAg-hQm9H_LVwIZFh8RbWd5Z" frameborder="0" allow="accelerometer; autoplay; clipboard-write; encrypted-media; gyroscope; picture-in-picture; web-share" allowfullscreen></iframe></div></div></div><script type="text/javascript">
							(function($) {
								$("head").append("<style>#video-player-69f409d7b169f-5191 .dfd-video-button {} #video-player-69f409d7b169f-5191.style-2 .dfd-video-button .mask-for-hover {border-style:solid; border-width:1px; border-color:#000000; } #module_video_69f409d7b16b0.dfd-fullscreen-video-container.video_module:before {opacity: 1 !important;background: linear-gradient(to right, rgba(0,0,0,0.9) 0%,rgba(0,0,0,0.9) 100%) !important;}</style>");
								$(document).ready(function(){
									DFD_VideoModule.init("module_video_69f409d7b16b0","video-player-69f409d7b169f-5191");
								});
							})(jQuery);
						</script><div class="dfd-spacer-module"  data-units="px" data-wide_resolution="1280" data-wide_size="25" data-normal_resolution="1024" data-normal_size="25" data-tablet_resolution="800" data-tablet_size="25" data-mobile_resolution="480" data-mobile_size="25" style="height: 25px;"></div>[/vc_column][/vc_row][vc_row css= ».vc_custom_1673442184379{padding-right: 10px !important;padding-left: 10px !important;} »][vc_column][vc_column_text]La tour du château de Montebello abrite une exposition archéologique présentant une sélection de pièces provenant de la région du Tessin, en particulier de la région de Bellinzone et des hautes vallées. Les pièces, dont certaines sont rares et précieuses comme la cruche à bec de canard de Giubiasco-Palasio exposée à l&rsquo;entrée, invitent le visiteur à découvrir ce territoire à travers les éléments, liés aux ressources naturelles et à la présence humaine, qui le caractérisent depuis les temps les plus reculés.<br />
La visite du donjon se développe verticalement, en suivant le fil du temps dans l&rsquo;ordre chronologique, depuis le bas (la période la plus ancienne, le Mésolithique) jusqu&rsquo;en haut (la période la plus récente, la Romanité). Le parcours &#8211; réparti sur quatre niveaux d&rsquo;exposition, entrecoupés de trois niveaux d&rsquo;évocation &#8211; rappelle les méthodes de la recherche de terrain, qui met en évidence des éléments sur la base d&rsquo;une lecture stratigraphique : les couches les plus profondes contiennent les éléments les plus anciens, les plus superficielles, les plus récents. Un autre parcours permet de descendre aux étages inférieurs, où certains thèmes peuvent être approfondis : l&rsquo;introduction de la première forme d&rsquo;écriture sur nos terres, qui s&rsquo;est produite à l&rsquo;âge du fer, et sa diffusion à l&rsquo;époque romaine ; l&rsquo;habillement, c&rsquo;est-à-dire la manière dont nos ancêtres s&rsquo;habillaient et se paraient ; les rites funéraires en usage dans l&rsquo;Antiquité.</p>
<p>Dans le Palazzetto, à travers des documents anciens, des dessins, des photographies d&rsquo;époque et des plans architecturaux, l&rsquo;histoire du château est présentée, depuis sa construction à la fin du XIIIe siècle, en passant par les importants travaux de restauration et de reconstruction de 1902 à 1910, jusqu&rsquo;à la dernière intervention architecturale majeure des années 1970.<br />
Un guide en quatre langues, téléchargeable sur smartphone, accompagne les visiteurs tout au long du parcours de l&rsquo;exposition.</p>
<p><strong>Horaires d&rsquo;ouverture</strong> :<br />
Mars/Avril-Novembre : 10h00 &#8211; 18h00[/vc_column_text][/vc_column][/vc_row]</p>
</div>

<p>[vc_row css= ».vc_custom_1677596556545{padding-top: 25px !important;padding-right: 10px !important;padding-bottom: 25px !important;padding-left: 10px !important;} »][vc_column col_shadow= »box_shadow_enable:disable|shadow_horizontal:0|shadow_vertical:15|shadow_blur:50|shadow_spread:0|box_shadow_color:rgba(0%2C0%2C0%2C.35) » col_shadow_hover= »box_shadow_enable:disable|shadow_horizontal:0|shadow_vertical:15|shadow_blur:50|shadow_spread:0|box_shadow_color:rgba(0%2C0%2C0%2C.35) »][/vc_column][/vc_row][vc_row css= ».vc_custom_1673442184379{padding-right: 10px !important;padding-left: 10px !important;} »][vc_column][vc_column_text]La tour du château de Montebello abrite une exposition archéologique présentant une sélection de</p>
